{"id":207,"date":"2016-06-18T10:31:13","date_gmt":"2016-06-18T08:31:13","guid":{"rendered":"http:\/\/uf.fsar.de\/?page_id=207"},"modified":"2016-06-19T23:42:46","modified_gmt":"2016-06-19T21:42:46","slug":"einseitige-spur","status":"publish","type":"page","link":"https:\/\/unfallanalyse.hamburg\/?page_id=207","title":{"rendered":"Einseitige Spur"},"content":{"rendered":"<p>Nach Verkehrsunf\u00e4llen stellt man h\u00e4ufig eine teilweise einseitige Spurzeichnung eines Fahrzeugs fest. Der erste Teil dieser Spur, die nur einseitig gezeichnet wurde, verl\u00e4uft dabei gekr\u00fcmmt. In diesen F\u00e4llen wird h\u00e4ufig f\u00e4lschlicherweise argumentiert, dass die Bremsanlage nicht intakt war. In Wirklichkeit ist diese teilweise einseitige Spurzeichnung jedoch auf die fahrdynamische Ausgangssituation des Fahrzeuges gem\u00e4\u00df Skizze zur\u00fcckzuf\u00fchren. Erfolgt n\u00e4mlich die Bremsung in einer Bogenfahrt des Fahrzeuges, liegt eine unterschiedliche Belastung der linken und der rechten Radseite vor. Aufgrund der wirkenden Querbeschleunigung kommt es bei dieser Bogenfahrt zu einer Entlastung der kurveninneren und zu einer Belastung der kurven\u00e4u\u00dferen R\u00e4der. Grunds\u00e4tzlich wird aber der Bremsdruck auf der linken und auf der rechten Radseite gleich eingesteuert und deshalb sind auch die Bremskr\u00e4fte an den R\u00e4dern links oder rechts gleich. Die entlastete Radseite neigt deshalb fr\u00fcher zum Blockieren als die belastete Radseite. Gerade dann, wenn w\u00e4hrend einer Kurvenfahrt oder einer Ausweichlenkung der Bremsdruck allm\u00e4hlich aufgebaut wird, k\u00f6nnen sich l\u00e4ngere, einseitige Spurzeichnungen einstellen, obwohl die Bremsanlage intakt ist.<\/p>\n<p>Wie Versuchsmessungen gezeigt haben, kann in guter N\u00e4herung bei einseitiger Spurzeichnung von einem Verz\u00f6gerungswert ausgegangen werden, der bei 80 % bis 90 % der Vollverz\u00f6gerung liegt. Sobald die doppelseitige Spurzeichnung einsetzt, wird das Fahrzeug dann dabei vollverz\u00f6gert.<\/p>\n","protected":false},"excerpt":{"rendered":"<p>Nach Verkehrsunf\u00e4llen stellt man h\u00e4ufig eine teilweise einseitige Spurzeichnung eines Fahrzeugs fest. Der erste Teil dieser Spur, die nur einseitig gezeichnet wurde, verl\u00e4uft dabei gekr\u00fcmmt. In diesen F\u00e4llen wird h\u00e4ufig f\u00e4lschlicherweise argumentiert, dass die Bremsanlage nicht intakt war. In Wirklichkeit ist diese teilweise einseitige Spurzeichnung jedoch auf die fahrdynamische Ausgangssituation des Fahrzeuges gem\u00e4\u00df Skizze zur\u00fcckzuf\u00fchren. &hellip; <\/p>\n<p><a class=\"more-link block-button\" href=\"https:\/\/unfallanalyse.hamburg\/?page_id=207\">Weiter lesen &raquo;<\/a><\/p>\n","protected":false},"author":2,"featured_media":0,"parent":184,"menu_order":0,"comment_status":"closed","ping_status":"closed","template":"template-twocolumnsright.php","meta":{"footnotes":""},"class_list":["post-207","page","type-page","status-publish","hentry","nodate"],"_links":{"self":[{"href":"https:\/\/unfallanalyse.hamburg\/index.php?rest_route=\/wp\/v2\/pages\/207","targetHints":{"allow":["GET"]}}],"collection":[{"href":"https:\/\/unfallanalyse.hamburg\/index.php?rest_route=\/wp\/v2\/pages"}],"about":[{"href":"https:\/\/unfallanalyse.hamburg\/index.php?rest_route=\/wp\/v2\/types\/page"}],"author":[{"embeddable":true,"href":"https:\/\/unfallanalyse.hamburg\/index.php?rest_route=\/wp\/v2\/users\/2"}],"replies":[{"embeddable":true,"href":"https:\/\/unfallanalyse.hamburg\/index.php?rest_route=%2Fwp%2Fv2%2Fcomments&post=207"}],"version-history":[{"count":1,"href":"https:\/\/unfallanalyse.hamburg\/index.php?rest_route=\/wp\/v2\/pages\/207\/revisions"}],"predecessor-version":[{"id":208,"href":"https:\/\/unfallanalyse.hamburg\/index.php?rest_route=\/wp\/v2\/pages\/207\/revisions\/208"}],"up":[{"embeddable":true,"href":"https:\/\/unfallanalyse.hamburg\/index.php?rest_route=\/wp\/v2\/pages\/184"}],"wp:attachment":[{"href":"https:\/\/unfallanalyse.hamburg\/index.php?rest_route=%2Fwp%2Fv2%2Fmedia&parent=207"}],"curies":[{"name":"wp","href":"https:\/\/api.w.org\/{rel}","templated":true}]}}