{"id":424,"date":"2016-06-18T12:28:58","date_gmt":"2016-06-18T10:28:58","guid":{"rendered":"http:\/\/uf.fsar.de\/?page_id=424"},"modified":"2016-06-19T23:42:47","modified_gmt":"2016-06-19T21:42:47","slug":"ueberblick","status":"publish","type":"page","link":"https:\/\/unfallanalyse.hamburg\/?page_id=424","title":{"rendered":"\u00dcberblick"},"content":{"rendered":"<h2 style=\"text-align: justify;\">Einf\u00fchrung in Messverfahren zum Nachweis von Geschwindigkeits\u00fcbertretungen, Rotlichtverst\u00f6ssen und Abstandsunterschreitungen<\/h2>\n<p style=\"text-align: justify;\">Geschwindigkeitskontrollen auf den Stra\u00dfen nehmen stetig zu und damit auch die Zahl der Streitf\u00e4lle. Gleichzeitig verbessert sich die Qualit\u00e4t der von den Ordnungsbeh\u00f6rden verwendeten Messeinrichtungen. Alle in Deutschland zugelassenen Ger\u00e4te verf\u00fcgen \u00fcber eine Zulassung der physikalisch-technischen Bundesanstalt (PTB). Die Richtigkeit der von den Beh\u00f6rden vorgenommenen Messungen werden gleichwohl h\u00e4ufig von den Betroffenen in Frage gestellt.<\/p>\n<p>Es ist aussichtslos, die prinzipielle Funktion eines PTB-gepr\u00fcften und zugelassenen Ger\u00e4tes zu bezweifeln. Eine technische \u00dcberpr\u00fcfung kann sich immer nur darauf beschr\u00e4nken, die korrekte Inbetriebnahme des Ger\u00e4tes einschlie\u00dflich der vorgeschriebenen Pr\u00fcfroutinen und Eichungen zu kontrollieren.<\/p>\n<p>Sind hier keine Fehler ersichtlich, kann nur noch nach Indizien gesucht werden, ob es innerhalb der Messserie zu Fehlfunktionen gekommen ist. Derartige Fehlfunktionen treten heutzutage jedoch aufgrund st\u00e4ndiger Verbesserung der Ger\u00e4te immer seltener auf. Der Teil des Lexikons konzentriert sich darauf, die Unterschiede zwischen den Messverfahren zu erl\u00e4utern und die damit verbundenen Fehlerm\u00f6glichkeiten aufzuz\u00e4hlen.<\/p>\n<p>In den weiteren Unterverzeichnissen werden die Verfahren zur Geschwindigkeitsmessung vorgestellt. Auch auf Rotlichtverst\u00f6sse und Abstandsmessverfahren wird eingegangen.<\/p>\n","protected":false},"excerpt":{"rendered":"<p>Einf\u00fchrung in Messverfahren zum Nachweis von Geschwindigkeits\u00fcbertretungen, Rotlichtverst\u00f6ssen und Abstandsunterschreitungen Geschwindigkeitskontrollen auf den Stra\u00dfen nehmen stetig zu und damit auch die Zahl der Streitf\u00e4lle. Gleichzeitig verbessert sich die Qualit\u00e4t der von den Ordnungsbeh\u00f6rden verwendeten Messeinrichtungen. Alle in Deutschland zugelassenen Ger\u00e4te verf\u00fcgen \u00fcber eine Zulassung der physikalisch-technischen Bundesanstalt (PTB). Die Richtigkeit der von den Beh\u00f6rden vorgenommenen &hellip; <\/p>\n<p><a class=\"more-link block-button\" href=\"https:\/\/unfallanalyse.hamburg\/?page_id=424\">Weiter lesen &raquo;<\/a><\/p>\n","protected":false},"author":2,"featured_media":0,"parent":422,"menu_order":0,"comment_status":"closed","ping_status":"closed","template":"template-twocolumnsright.php","meta":{"footnotes":""},"class_list":["post-424","page","type-page","status-publish","hentry","nodate"],"_links":{"self":[{"href":"https:\/\/unfallanalyse.hamburg\/index.php?rest_route=\/wp\/v2\/pages\/424","targetHints":{"allow":["GET"]}}],"collection":[{"href":"https:\/\/unfallanalyse.hamburg\/index.php?rest_route=\/wp\/v2\/pages"}],"about":[{"href":"https:\/\/unfallanalyse.hamburg\/index.php?rest_route=\/wp\/v2\/types\/page"}],"author":[{"embeddable":true,"href":"https:\/\/unfallanalyse.hamburg\/index.php?rest_route=\/wp\/v2\/users\/2"}],"replies":[{"embeddable":true,"href":"https:\/\/unfallanalyse.hamburg\/index.php?rest_route=%2Fwp%2Fv2%2Fcomments&post=424"}],"version-history":[{"count":1,"href":"https:\/\/unfallanalyse.hamburg\/index.php?rest_route=\/wp\/v2\/pages\/424\/revisions"}],"predecessor-version":[{"id":425,"href":"https:\/\/unfallanalyse.hamburg\/index.php?rest_route=\/wp\/v2\/pages\/424\/revisions\/425"}],"up":[{"embeddable":true,"href":"https:\/\/unfallanalyse.hamburg\/index.php?rest_route=\/wp\/v2\/pages\/422"}],"wp:attachment":[{"href":"https:\/\/unfallanalyse.hamburg\/index.php?rest_route=%2Fwp%2Fv2%2Fmedia&parent=424"}],"curies":[{"name":"wp","href":"https:\/\/api.w.org\/{rel}","templated":true}]}}