{"id":492,"date":"2016-06-18T13:07:07","date_gmt":"2016-06-18T11:07:07","guid":{"rendered":"http:\/\/uf.fsar.de\/?page_id=492"},"modified":"2016-06-19T23:42:48","modified_gmt":"2016-06-19T21:42:48","slug":"definitionen","status":"publish","type":"page","link":"https:\/\/unfallanalyse.hamburg\/?page_id=492","title":{"rendered":"Definitionen"},"content":{"rendered":"<ul>\n<li style=\"text-align: justify;\"><b>Ged\u00e4chtnis<\/b> Aus psychologischen Untersuchungen ist bekannt, dass nicht alle wahrgenommenen Eindr\u00fccke im Gehirn gespeichert werden. Es werden folgende Speicherungsm\u00f6glichkeiten unterschieden:\n<ul>\n<li>Ultrakurzged\u00e4chtnis (UZG) (erster Filter): Wahrgenommene Eindr\u00fccke klingen nach maximal 20 s in der Gro\u00dfhirnrinde ab und verlieren sich, wenn sie nicht mit bereits vorhandenen Speicherinhalten assoziiert werden k\u00f6nnen.<\/li>\n<li>Kurzged\u00e4chtnis (KZG) (zweiter Filter): Vergessen nach 20 Min.<\/li>\n<li>Langzeitged\u00e4chtnis (LZG)<\/li>\n<\/ul>\n<\/li>\n<li style=\"text-align: justify;\"><b>Geschwindigkeitssch\u00e4tzen<\/b> Da der Mensch keine k\u00f6pereigenes Kurzzeitmessorgan besitzt, ist es ihm unm\u00f6g\u00adlich, die Strecke-Zeit-Relation, das ist die Geschwindigkeit, zu sch\u00e4tzen.<\/li>\n<li style=\"text-align: justify;\"><b>H\u00f6here Gewalt<\/b> Vis major. Naturgewalt , z. B. Blitzschlag, Erdbeben. Jedes Ereignis, das nicht verschuldet und auch Anwendung jeder Sorgfalt nicht abgewendet werden kann.<\/li>\n<\/ul>\n","protected":false},"excerpt":{"rendered":"<p>Ged\u00e4chtnis Aus psychologischen Untersuchungen ist bekannt, dass nicht alle wahrgenommenen Eindr\u00fccke im Gehirn gespeichert werden. Es werden folgende Speicherungsm\u00f6glichkeiten unterschieden: Ultrakurzged\u00e4chtnis (UZG) (erster Filter): Wahrgenommene Eindr\u00fccke klingen nach maximal 20 s in der Gro\u00dfhirnrinde ab und verlieren sich, wenn sie nicht mit bereits vorhandenen Speicherinhalten assoziiert werden k\u00f6nnen. Kurzged\u00e4chtnis (KZG) (zweiter Filter): Vergessen nach 20 &hellip; <\/p>\n<p><a class=\"more-link block-button\" href=\"https:\/\/unfallanalyse.hamburg\/?page_id=492\">Weiter lesen &raquo;<\/a><\/p>\n","protected":false},"author":2,"featured_media":0,"parent":488,"menu_order":0,"comment_status":"closed","ping_status":"closed","template":"template-twocolumnsright.php","meta":{"footnotes":""},"class_list":["post-492","page","type-page","status-publish","hentry","nodate"],"_links":{"self":[{"href":"https:\/\/unfallanalyse.hamburg\/index.php?rest_route=\/wp\/v2\/pages\/492","targetHints":{"allow":["GET"]}}],"collection":[{"href":"https:\/\/unfallanalyse.hamburg\/index.php?rest_route=\/wp\/v2\/pages"}],"about":[{"href":"https:\/\/unfallanalyse.hamburg\/index.php?rest_route=\/wp\/v2\/types\/page"}],"author":[{"embeddable":true,"href":"https:\/\/unfallanalyse.hamburg\/index.php?rest_route=\/wp\/v2\/users\/2"}],"replies":[{"embeddable":true,"href":"https:\/\/unfallanalyse.hamburg\/index.php?rest_route=%2Fwp%2Fv2%2Fcomments&post=492"}],"version-history":[{"count":2,"href":"https:\/\/unfallanalyse.hamburg\/index.php?rest_route=\/wp\/v2\/pages\/492\/revisions"}],"predecessor-version":[{"id":494,"href":"https:\/\/unfallanalyse.hamburg\/index.php?rest_route=\/wp\/v2\/pages\/492\/revisions\/494"}],"up":[{"embeddable":true,"href":"https:\/\/unfallanalyse.hamburg\/index.php?rest_route=\/wp\/v2\/pages\/488"}],"wp:attachment":[{"href":"https:\/\/unfallanalyse.hamburg\/index.php?rest_route=%2Fwp%2Fv2%2Fmedia&parent=492"}],"curies":[{"name":"wp","href":"https:\/\/api.w.org\/{rel}","templated":true}]}}