{"id":513,"date":"2016-06-18T13:21:28","date_gmt":"2016-06-18T11:21:28","guid":{"rendered":"http:\/\/uf.fsar.de\/?page_id=513"},"modified":"2016-06-19T23:42:48","modified_gmt":"2016-06-19T21:42:48","slug":"schadenabrechnung","status":"publish","type":"page","link":"https:\/\/unfallanalyse.hamburg\/?page_id=513","title":{"rendered":"Schadenabrechnung"},"content":{"rendered":"<h2 style=\"text-align: justify;\">Abrechnung des Fahrzeugschadens als Reparaturschaden oder wirtschaftlicher Totalschaden<\/h2>\n<p style=\"text-align: justify;\">Der BGH hat seine Rechtsprechung zur Abrechnung des Fahrzeugschadens seit April 2003 in \u00fcber 20 Entscheidungen fortentwickelt. Danach sind die Abrechnungsalternativen davon abh\u00e4ngig,. in welche der folgenden vier Stufen der Fahrzeugschaden einzugruppieren ist<\/p>\n<p>1.. Stufe: Reparaturaufwand h\u00f6her als Wiederbeschaffungswert + 30 % (\u00fcber 130 %)-Bereich)<br \/>\na. Der Gesch\u00e4digte (G) kann nur auf Wiederbeschaffungsbasis abrechnen, entweder konkret brutto oder fiktiv netto (zuletzt BGH, NJW 2007,2917).<br \/>\nb. Die Instandsetzung ist wirtschaftlich unvern\u00fcnftig, der G kann Ersatz nur in H\u00f6he des Wiederbeschaffungsaufwands verlangen (BGH, NJW 2007,2917).<br \/>\nc. G kann nicht eine Teilreparatur durchf\u00fchren und deren Bezahlung verlangen (BGH, NJW 2007, 2917).<br \/>\nd. Die Einhaltung der 13-Grenze ist durch den Einsatz von Gebrauchtteilen wohl nicht m\u00f6glich .<br \/>\ne. Bei Weiterbenutzung ist in der Regel der vom Sachverst\u00e4ndigen f\u00fcr den regionalen Markt ermittelte Restwert anzusetzen (zuletzt BGH, NJW 2007,1674).<\/p>\n<p>2. Stufe: Reparaturaufwand zwischen Wiederbeschaffungswert und weiteren 30 % (130 % -Bereich)<br \/>\na. Die Abrechnung auf Brutto-Reparaturkostenbasis ist nur bei fachgerechter Reparatur gem\u00e4\u00df Gutachten und Weiterbenutzung, in der Regel f\u00fcr mindestens sechs Monate, m\u00f6glich (zuletzt BGH, NJW 2008, 2183 m. Anm. Kappus).<br \/>\nb. Die Abrechnung auf Reparaturkostenbasis ist auch bei fachgerechter Reparatur in Eigenregie und Weiterbenutzung, in der Regel f\u00fcr sechs Monate m\u00f6glich (zuletzt BGH, NJW 2008, 439).<br \/>\nc. Bei Teilreparatur Ersatz der tats\u00e4chlich angefallenen Reparaturkosten bis zur 100 %-Grenze (BGH, NJW 2005, 1110).<br \/>\nd. Sonst nur Abrechnung auf Wiederbeschaffungsbasis, bei fiktiver Abrechnung auf Netto-Wiederbeschaffungsbasis (zuletzt BGH, NJW 2008, 2183 m. Anm. Kappus).<br \/>\ne. Bei Weiterbenutzung ist der vom Sachverst\u00e4ndigen ermittelte Restwert anzusetzen (zuletzt BGH, NJW 2007, 1674); bei Ver\u00e4u\u00dferung ist ein m\u00fchelos erzielter h\u00f6herer Erl\u00f6s (BGH, NJW 2005, 2541; NJW 2005, 357), sonst der tats\u00e4chlich erzielte Erl\u00f6s anzurechnen (BGH, NJW 2005, 3134); ein h\u00f6heres Angebot vor Ver\u00e4u\u00dferung muss annahmef\u00e4hig sein (BGH, NJW 2000, 800) .<br \/>\nf. Ein Wechsel der Abrechnungsart . (erst fiktiv auf Netto-Wiederbeschaffungsbasis, dann konkret auf Brutto-Reparaturkostenbasis) ist m\u00f6glich, auch ohne Vorbehalt (BGH, NJW 2007, 67).<br \/>\ng. Eine Mischung der Abrechnungsarten &#8211; teils fiktiv, teils konkret &#8211; ist nicht m\u00f6glich (BGH, NJW 2205, 1110; NJW 2006,2320).<br \/>\nh. Eine Abrechnung im 13-Bereich ist auch bei gewerblich genutzten Kraftfahrzeugen m\u00f6glich (BGH, NJW 1999, 500).<\/p>\n<p>3. Stufe: Reparaturaufwand bis zum Wiederbeschaffungswert (100 % Bereich)<br \/>\na. Eine Abrechnung auf Brutto-Reparaturkostenbasis (konkret) ist bei fachgerechter Reparatur auch ohne Weiterbenutzung m\u00f6glich (BGH, NJW 2007, 588).<br \/>\nb. Eine\u00b7 fIktive Abrechnung auf Netto-Reparaturkostenbasis ist bei Weiterbenutzung, in der Regel f\u00fcr mindestens sechs Monate, gegebenenfalls nach Versetzung in verkehrssicheren Zustand m\u00f6glich (zuletzt BGH, NJW 2008,1941).<br \/>\nc. Sonst nur Abrechnung auf Wiederbeschaffungsbasis, bei fiktiver Abrechnung auf Netto-Wiederbeschaffungsbasis; auch bei Irrtum \u00fcber Restwerth\u00f6he keine fiktive Abrechnung auf Netto-Reparaturkostenbasis, die sog. 70 %-Grenze kommt nicht zur Anwendung (BGH, NJW 2005,2541).<br \/>\nd. Bei Weiterbenutzung ist immer der vom Sachverst\u00e4ndigen ermittelte Restwert anzusetzen (zuletzt BGH, NJW 2007, 1674).<br \/>\ne Bei Ersatzbeschaffung ist immer der Brutto-Wiederbeschaffungswert anzusetzen, wenn der Brutto-Preis des Ersatzfahrzeugs mindestens so hoch ist wie der Brutto-Wiederbeschaffungswert (zuletzt BGH, NJW 2006,285).<br \/>\nf. Siehe 2.Stufe Abs. 5. dies gilt auch hier.<\/p>\n<p>4. Stufe: Reparaturaufwand geringer als Wiederbeschaffungsaufwand (WB-Aufwand-Bereich)<br \/>\na. G kann in einer Werkstatt oder in Eigenregie reparieren und konkret auf Reparaturkostenbasis abrechnen, Mehrwertsteuer wird ersetzt soweit angefallen.<br \/>\nb. G kann fiktiv auf Netto-Reparaturkostenbasis abrechnen. 4-90 NJW-Spezial<br \/>\nc. G kann erst fiktiv auf Netto-Reparaturkostenbasis und&#8216; nach durchgef\u00fchrter Reparatur auf Brutto-Reparaturkostenbasis abrechnen, auch ohne Vorbehalt (BGH,NJW 2007,67) .<br \/>\ne. G kann wohl nicht zun\u00e4chst fiktiv auf Netto-Reparaturkostenbasis abrechnen und sp\u00e4ter, nach durchgef\u00fchrter billigerer Reparatur, die jetzt tats\u00e4chlich angefallene Mehrwertsteuer fordern (Zul\u00e4ssig ist nur der Wechsel der Abrechnungsart, nicht eine Mischung fiktiv &#8211; konkret).<br \/>\nf. G kann wohl nicht das Unfallfahrzeug unrepariert in Zahlung geben und auf Brutto-Reparaturkostenbasis abrechnen (unzul\u00e4ssige Mischung fiktiv &#8211; konkret, s. Greiner, ZfS 2006, 63, 65 zu Irr 1 b u. c); G kann aber das reparierte Fahrzeug in Zahlung geben und auf Brutto-Reparaturkostenbasis abrechnen.<\/p>\n","protected":false},"excerpt":{"rendered":"<p>Abrechnung des Fahrzeugschadens als Reparaturschaden oder wirtschaftlicher Totalschaden Der BGH hat seine Rechtsprechung zur Abrechnung des Fahrzeugschadens seit April 2003 in \u00fcber 20 Entscheidungen fortentwickelt. Danach sind die Abrechnungsalternativen davon abh\u00e4ngig,. in welche der folgenden vier Stufen der Fahrzeugschaden einzugruppieren ist 1.. Stufe: Reparaturaufwand h\u00f6her als Wiederbeschaffungswert + 30 % (\u00fcber 130 %)-Bereich) a. Der &hellip; <\/p>\n<p><a class=\"more-link block-button\" href=\"https:\/\/unfallanalyse.hamburg\/?page_id=513\">Weiter lesen &raquo;<\/a><\/p>\n","protected":false},"author":2,"featured_media":0,"parent":500,"menu_order":0,"comment_status":"closed","ping_status":"closed","template":"template-twocolumnsright.php","meta":{"footnotes":""},"class_list":["post-513","page","type-page","status-publish","hentry","nodate"],"_links":{"self":[{"href":"https:\/\/unfallanalyse.hamburg\/index.php?rest_route=\/wp\/v2\/pages\/513","targetHints":{"allow":["GET"]}}],"collection":[{"href":"https:\/\/unfallanalyse.hamburg\/index.php?rest_route=\/wp\/v2\/pages"}],"about":[{"href":"https:\/\/unfallanalyse.hamburg\/index.php?rest_route=\/wp\/v2\/types\/page"}],"author":[{"embeddable":true,"href":"https:\/\/unfallanalyse.hamburg\/index.php?rest_route=\/wp\/v2\/users\/2"}],"replies":[{"embeddable":true,"href":"https:\/\/unfallanalyse.hamburg\/index.php?rest_route=%2Fwp%2Fv2%2Fcomments&post=513"}],"version-history":[{"count":1,"href":"https:\/\/unfallanalyse.hamburg\/index.php?rest_route=\/wp\/v2\/pages\/513\/revisions"}],"predecessor-version":[{"id":514,"href":"https:\/\/unfallanalyse.hamburg\/index.php?rest_route=\/wp\/v2\/pages\/513\/revisions\/514"}],"up":[{"embeddable":true,"href":"https:\/\/unfallanalyse.hamburg\/index.php?rest_route=\/wp\/v2\/pages\/500"}],"wp:attachment":[{"href":"https:\/\/unfallanalyse.hamburg\/index.php?rest_route=%2Fwp%2Fv2%2Fmedia&parent=513"}],"curies":[{"name":"wp","href":"https:\/\/api.w.org\/{rel}","templated":true}]}}