{"id":545,"date":"2016-06-18T13:41:00","date_gmt":"2016-06-18T11:41:00","guid":{"rendered":"http:\/\/uf.fsar.de\/?page_id=545"},"modified":"2016-06-19T23:42:48","modified_gmt":"2016-06-19T21:42:48","slug":"endstellung","status":"publish","type":"page","link":"https:\/\/unfallanalyse.hamburg\/?page_id=545","title":{"rendered":"Endstellung"},"content":{"rendered":"<p style=\"text-align: justify;\">Unver\u00e4nderte Stellung (Lage): in welche ein Verkehrsteilnehmer, Gegenstand oder Fahrzeug unmittelbar nach dem Unfall gelangte. Die Endstellungen von Fahrzeugen und die Endlagen von ungest\u00fctzten Zweir\u00e4dern oder durch Kollision weggeschleuderte Personen sind ein sehr wichtiger Ankn\u00fcpfungspunkt f\u00fcr die Unfallrekonstruktion. Prinzipiell spricht eine gro\u00dfe Entfernung zwischen der Kollisionsstelle und der Endstellung eines Fahrzeugs f\u00fcr eine hohe Kollisionsgeschwindigkeit. Eine gro\u00dfe Wurfweite eines Fu\u00dfg\u00e4ngers oder eines Fahrradfahrers in die Bewegungsrichtung des ansto\u00dfenden Fahrzeugs spricht ebenfalls f\u00fcr eine hohe Ansto\u00dfgeschwindigkeit. Es handelt sich um einfach zu sichernde Ankn\u00fcpfungspunkte, die in nahezu jeder Polizeiskizze angegeben sind. H\u00e4ufig werden jedoch die Endlagen vor der Durchf\u00fchrung der Spurensicherung bereits ver\u00e4ndert, da Rettungs- und Verkehrssicherungsma\u00dfnahmen gegen\u00fcber der Spurensicherung vorrangig sind. Deshalb sind h\u00e4ufig Endlagen von Verletzten nicht mehr nachvollziehbar oder Zweir\u00e4der oder Pkw bereits wegger\u00e4umt, wenn die Polizei mit der Spurensicherung beginnt. Bei Massenkarambolagen auf Autobahnen werden die Endstellungen oft vor der Spurensicherung ver\u00e4ndert, um beispielsweise eine Schneise f\u00fcr den Rettungswagen zu bilden. Wie die Praxis zeigt, werden die vorgefundenen Abstellpositionen von Zweir\u00e4dern oftmals von der Polizei in die Skizzen \u00fcbernommen, obwohl zwischenzeitlich durch weitere Personen eine Ver\u00e4nderung stattgefunden hat. Ein entsprechender Vermerk fehlt meist in den Skizzen.<\/p>\n<p>Seite nicht fertig<\/p>\n","protected":false},"excerpt":{"rendered":"<p>Unver\u00e4nderte Stellung (Lage): in welche ein Verkehrsteilnehmer, Gegenstand oder Fahrzeug unmittelbar nach dem Unfall gelangte. Die Endstellungen von Fahrzeugen und die Endlagen von ungest\u00fctzten Zweir\u00e4dern oder durch Kollision weggeschleuderte Personen sind ein sehr wichtiger Ankn\u00fcpfungspunkt f\u00fcr die Unfallrekonstruktion. Prinzipiell spricht eine gro\u00dfe Entfernung zwischen der Kollisionsstelle und der Endstellung eines Fahrzeugs f\u00fcr eine hohe Kollisionsgeschwindigkeit. &hellip; <\/p>\n<p><a class=\"more-link block-button\" href=\"https:\/\/unfallanalyse.hamburg\/?page_id=545\">Weiter lesen &raquo;<\/a><\/p>\n","protected":false},"author":2,"featured_media":0,"parent":539,"menu_order":0,"comment_status":"closed","ping_status":"closed","template":"template-twocolumnsright.php","meta":{"footnotes":""},"class_list":["post-545","page","type-page","status-publish","hentry","nodate"],"_links":{"self":[{"href":"https:\/\/unfallanalyse.hamburg\/index.php?rest_route=\/wp\/v2\/pages\/545","targetHints":{"allow":["GET"]}}],"collection":[{"href":"https:\/\/unfallanalyse.hamburg\/index.php?rest_route=\/wp\/v2\/pages"}],"about":[{"href":"https:\/\/unfallanalyse.hamburg\/index.php?rest_route=\/wp\/v2\/types\/page"}],"author":[{"embeddable":true,"href":"https:\/\/unfallanalyse.hamburg\/index.php?rest_route=\/wp\/v2\/users\/2"}],"replies":[{"embeddable":true,"href":"https:\/\/unfallanalyse.hamburg\/index.php?rest_route=%2Fwp%2Fv2%2Fcomments&post=545"}],"version-history":[{"count":1,"href":"https:\/\/unfallanalyse.hamburg\/index.php?rest_route=\/wp\/v2\/pages\/545\/revisions"}],"predecessor-version":[{"id":546,"href":"https:\/\/unfallanalyse.hamburg\/index.php?rest_route=\/wp\/v2\/pages\/545\/revisions\/546"}],"up":[{"embeddable":true,"href":"https:\/\/unfallanalyse.hamburg\/index.php?rest_route=\/wp\/v2\/pages\/539"}],"wp:attachment":[{"href":"https:\/\/unfallanalyse.hamburg\/index.php?rest_route=%2Fwp%2Fv2%2Fmedia&parent=545"}],"curies":[{"name":"wp","href":"https:\/\/api.w.org\/{rel}","templated":true}]}}