{"id":552,"date":"2016-06-18T13:43:28","date_gmt":"2016-06-18T11:43:28","guid":{"rendered":"http:\/\/uf.fsar.de\/?page_id=552"},"modified":"2016-06-19T23:42:48","modified_gmt":"2016-06-19T21:42:48","slug":"schlagspur","status":"publish","type":"page","link":"https:\/\/unfallanalyse.hamburg\/?page_id=552","title":{"rendered":"Schlagspur"},"content":{"rendered":"<p style=\"text-align: justify;\">In Asphaltfl\u00e4chen werden durch hohen vertikalen Druck bei Fahrzeugkollisionen Vertiefungen erzeugt. Sie entstehen nur w\u00e4hrend der eigentlichen Kollisionsphase und k\u00f6nnen eine Tiefe von mehreren Millimetern bis Zentimetern erreichen. Typischerweise entstehen sie bei schweren Gegenverkehrsunf\u00e4llen w\u00e4hrend der Kontaktphase. Die sich deformierenden Fahrzeugzonen werden w\u00e4hrend der Kollision mit einer sehr hohen Kraft gegen die Fahrbahn gedr\u00fcckt und hinterlassen dort kurze tiefe Schlagspuren. Gerade bei nasser Fahrbahn sind sie oft der einzige Ankn\u00fcpfungspunkt f\u00fcr die Kl\u00e4rung der Frage, wer auf der falschen Fahrbahnseite war. Leider werden sie h\u00e4ufig bei der Unfallaufnahme nicht gen\u00fcgend beachtet. Es ist nicht ausreichend, diese Spuren aufzunehmen, sondern es muss auch gekl\u00e4rt werden, durch welches Bauteil sie verursacht wurden. Nur dann ist eine eindeutige Zuordnung der Fahrzeuge in Querrichtung m\u00f6glich.<\/p>\n<p>Seite nicht fertig<\/p>\n","protected":false},"excerpt":{"rendered":"<p>In Asphaltfl\u00e4chen werden durch hohen vertikalen Druck bei Fahrzeugkollisionen Vertiefungen erzeugt. Sie entstehen nur w\u00e4hrend der eigentlichen Kollisionsphase und k\u00f6nnen eine Tiefe von mehreren Millimetern bis Zentimetern erreichen. Typischerweise entstehen sie bei schweren Gegenverkehrsunf\u00e4llen w\u00e4hrend der Kontaktphase. Die sich deformierenden Fahrzeugzonen werden w\u00e4hrend der Kollision mit einer sehr hohen Kraft gegen die Fahrbahn gedr\u00fcckt und &hellip; <\/p>\n<p><a class=\"more-link block-button\" href=\"https:\/\/unfallanalyse.hamburg\/?page_id=552\">Weiter lesen &raquo;<\/a><\/p>\n","protected":false},"author":2,"featured_media":0,"parent":539,"menu_order":0,"comment_status":"closed","ping_status":"closed","template":"template-twocolumnsright.php","meta":{"footnotes":""},"class_list":["post-552","page","type-page","status-publish","hentry","nodate"],"_links":{"self":[{"href":"https:\/\/unfallanalyse.hamburg\/index.php?rest_route=\/wp\/v2\/pages\/552","targetHints":{"allow":["GET"]}}],"collection":[{"href":"https:\/\/unfallanalyse.hamburg\/index.php?rest_route=\/wp\/v2\/pages"}],"about":[{"href":"https:\/\/unfallanalyse.hamburg\/index.php?rest_route=\/wp\/v2\/types\/page"}],"author":[{"embeddable":true,"href":"https:\/\/unfallanalyse.hamburg\/index.php?rest_route=\/wp\/v2\/users\/2"}],"replies":[{"embeddable":true,"href":"https:\/\/unfallanalyse.hamburg\/index.php?rest_route=%2Fwp%2Fv2%2Fcomments&post=552"}],"version-history":[{"count":1,"href":"https:\/\/unfallanalyse.hamburg\/index.php?rest_route=\/wp\/v2\/pages\/552\/revisions"}],"predecessor-version":[{"id":553,"href":"https:\/\/unfallanalyse.hamburg\/index.php?rest_route=\/wp\/v2\/pages\/552\/revisions\/553"}],"up":[{"embeddable":true,"href":"https:\/\/unfallanalyse.hamburg\/index.php?rest_route=\/wp\/v2\/pages\/539"}],"wp:attachment":[{"href":"https:\/\/unfallanalyse.hamburg\/index.php?rest_route=%2Fwp%2Fv2%2Fmedia&parent=552"}],"curies":[{"name":"wp","href":"https:\/\/api.w.org\/{rel}","templated":true}]}}