{"id":58,"date":"2016-06-15T14:35:53","date_gmt":"2016-06-15T12:35:53","guid":{"rendered":"http:\/\/uf.fsar.de\/?page_id=58"},"modified":"2026-01-26T16:16:02","modified_gmt":"2026-01-26T15:16:02","slug":"sachverstaendige","status":"publish","type":"page","link":"https:\/\/unfallanalyse.hamburg\/?page_id=58","title":{"rendered":"Weitere Sachverst\u00e4ndige"},"content":{"rendered":"\n<div class=\"wp-block-group\"><div class=\"wp-block-group__inner-container is-layout-constrained wp-block-group-is-layout-constrained\"><div class=\"wp-block-image\">\n<figure class=\"alignleft size-medium\"><img loading=\"lazy\" decoding=\"async\" width=\"225\" height=\"300\" src=\"https:\/\/unfallanalyse.hamburg\/wp-content\/uploads\/2024\/05\/FR-225x300.jpg\" alt=\"\" class=\"wp-image-1544\" srcset=\"https:\/\/unfallanalyse.hamburg\/wp-content\/uploads\/2024\/05\/FR-225x300.jpg 225w, https:\/\/unfallanalyse.hamburg\/wp-content\/uploads\/2024\/05\/FR-768x1024.jpg 768w, https:\/\/unfallanalyse.hamburg\/wp-content\/uploads\/2024\/05\/FR-1152x1536.jpg 1152w, https:\/\/unfallanalyse.hamburg\/wp-content\/uploads\/2024\/05\/FR-1536x2048.jpg 1536w, https:\/\/unfallanalyse.hamburg\/wp-content\/uploads\/2024\/05\/FR-scaled.jpg 1920w\" sizes=\"auto, (max-width: 225px) 100vw, 225px\" \/><\/figure><\/div>\n\n\n<p><b>Frank Roschewski<br>Karosserie- und Fahrzeugbaumeister<br>von der Handelskammer Hamburg \u00f6ffentlich bestellter u. vereidigter Sachverst\u00e4ndiger f\u00fcr Kfz-Sch\u00e4den und -bewertung <\/b><\/p>\n\n\n\n<p class=\"has-vivid-red-color has-text-color has-link-color wp-elements-6f68607fc9941cb61167d5cc905cc03e\"><strong>!!! AB 01.07.2026 GEHT HERR ROSCHEWSKI IN ALTERSTEILZEIT !!!<\/strong><\/p>\n\n\n\n<p>Frank Roschewski verf\u00fcgt \u00fcber rd. 25 Jahre praktische Berufserfahrung in den Bereichen Kfz-Reparatur, Fahrzeugbau und Unfallinstandsetzung. Im Jahr 1999 legte er die Meisterpr\u00fcfung im Karosserie- und Fahrzeugbauhandwerk ab. Nach einer fundierten Ausbildung zum Schadengutachter arbeitet er seit 2006 als Sachverst\u00e4ndiger im IFU.<br>Zu den Schwerpunkten seiner T\u00e4tigkeit geh\u00f6rt die Pr\u00fcfung von Kfz-Schadengutachten, insbesondere zur Schadenh\u00f6he. Diese Arbeit umfasst die \u00dcberpr\u00fcfung des Reparaturwegs unter unfallanalytischen Aspekten. Nach der Kompatibilt\u00e4tsbetrachtung werden bei Bedarf die weiteren schadenrelevanten Positionen Wiederbeschaffungswert, Restwert und merkantiler Minderwert ermittelt. Dieses Aufgabenfeld beinhaltet auch sonstige Fahrzeuge wie z.B. Zweir\u00e4der oder Caravan \/ Reisemobile. Zus\u00e4tzlich beurteilt Herr Roschewski die technische Ausstattung von Vergleichswerkst\u00e4tten unter Ber\u00fccksichtigung des individuell vorgesehenen Reparaturwegs auf Basis eigener Betriebsbesichtigungen. Die \u00f6ffentliche Bestellung und Vereidigung vor der Handelskammer Hamburg in seinem Fachgebiet erfolgte im August 2011.<\/p>\n<\/div><\/div>\n\n\n\n<div style=\"height:20px\" aria-hidden=\"true\" class=\"wp-block-spacer\"><\/div>\n\n\n\n<div class=\"wp-block-group\"><div class=\"wp-block-group__inner-container is-layout-constrained wp-block-group-is-layout-constrained\"><div class=\"wp-block-image\">\n<figure class=\"alignleft size-medium\"><img loading=\"lazy\" decoding=\"async\" width=\"225\" height=\"300\" src=\"https:\/\/unfallanalyse.hamburg\/wp-content\/uploads\/2024\/05\/RK-225x300.jpg\" alt=\"\" class=\"wp-image-1555\" srcset=\"https:\/\/unfallanalyse.hamburg\/wp-content\/uploads\/2024\/05\/RK-225x300.jpg 225w, https:\/\/unfallanalyse.hamburg\/wp-content\/uploads\/2024\/05\/RK-768x1024.jpg 768w, https:\/\/unfallanalyse.hamburg\/wp-content\/uploads\/2024\/05\/RK-1152x1536.jpg 1152w, https:\/\/unfallanalyse.hamburg\/wp-content\/uploads\/2024\/05\/RK-1536x2048.jpg 1536w, https:\/\/unfallanalyse.hamburg\/wp-content\/uploads\/2024\/05\/RK-scaled.jpg 1920w\" sizes=\"auto, (max-width: 225px) 100vw, 225px\" \/><\/figure><\/div>\n\n\n<p><b>Dipl.-Ing. Univ. Rudolf Kleinert<br>\u00d6ffentlich bestellter und vereidigter Sachverst\u00e4ndiger f\u00fcr Ursachenermittlung und Rekonstruktion von Unf\u00e4llen bei Fahrzeugen, Handelskammer Hamburg<\/b><\/p>\n\n\n\n<p>Rudolf Kleinert arbeitete seit 2009 zun\u00e4chst als Werksstudent im IFU Hamburg, w\u00e4hrend er an der Technischen Universit\u00e4t Hamburg-Harburg studierte. Im Jahr 2012 erwarb er dort den Abschluss Bachelor of Science im Fach Maschinenbau. Im Anschluss setzte er sein Studium im Fach Produktentwicklung, Werkstoffe und Produktion fort und erlangte im Jahr 2015 den Abschluss Master of Science. Seit 2015 ist er als Sachverst\u00e4ndiger f\u00fcr Stra\u00dfenverkehrsunf\u00e4lle im IFU Hamburg t\u00e4tig. Herr Kleinert wurde im Jahr 2020 f\u00fcr das Fachgebiet Ursachenermittlung und Rekonstruktion von Unf\u00e4llen bei Fahrzeugen von der Handelskammer Hamburg \u00f6ffentlich bestellt und vereidigt.<\/p>\n<\/div><\/div>\n\n\n\n<div style=\"height:20px\" aria-hidden=\"true\" class=\"wp-block-spacer\"><\/div>\n\n\n\n<div class=\"wp-block-group\"><div class=\"wp-block-group__inner-container is-layout-constrained wp-block-group-is-layout-constrained\"><div class=\"wp-block-image\">\n<figure class=\"alignleft size-medium\"><img loading=\"lazy\" decoding=\"async\" width=\"225\" height=\"300\" src=\"https:\/\/unfallanalyse.hamburg\/wp-content\/uploads\/2024\/05\/JJ-225x300.jpg\" alt=\"\" class=\"wp-image-1547\" srcset=\"https:\/\/unfallanalyse.hamburg\/wp-content\/uploads\/2024\/05\/JJ-225x300.jpg 225w, https:\/\/unfallanalyse.hamburg\/wp-content\/uploads\/2024\/05\/JJ-768x1024.jpg 768w, https:\/\/unfallanalyse.hamburg\/wp-content\/uploads\/2024\/05\/JJ-1152x1536.jpg 1152w, https:\/\/unfallanalyse.hamburg\/wp-content\/uploads\/2024\/05\/JJ-1536x2048.jpg 1536w, https:\/\/unfallanalyse.hamburg\/wp-content\/uploads\/2024\/05\/JJ-scaled.jpg 1920w\" sizes=\"auto, (max-width: 225px) 100vw, 225px\" \/><\/figure><\/div>\n\n\n<p><b>Dipl.-Phys. Jens Johannsen<br>Sachverst\u00e4ndiger f\u00fcr Stra\u00dfenverkehrsunf\u00e4lle<\/b><\/p>\n\n\n\n<p>Jens Johannsen hat Physik an der Universit\u00e4t Hamburg studiert. Seit 2006 arbeitet er als Sachverst\u00e4ndiger im IFU. Seine Spezialgebiete sind Simulationsrechnungen und Fragestellungen zur \u00dcberpr\u00fcfung von Verkehrsmesstechnik in OWi-Verfahren. Ferner betreut er die hausinterne Messtechnik f\u00fcr Unfallversuche.<\/p>\n<\/div><\/div>\n\n\n\n<div style=\"height:20px\" aria-hidden=\"true\" class=\"wp-block-spacer\"><\/div>\n\n\n\n<div class=\"wp-block-group\"><div class=\"wp-block-group__inner-container is-layout-constrained wp-block-group-is-layout-constrained\"><div class=\"wp-block-image\">\n<figure class=\"alignleft size-medium\"><img loading=\"lazy\" decoding=\"async\" width=\"225\" height=\"300\" src=\"https:\/\/unfallanalyse.hamburg\/wp-content\/uploads\/2024\/05\/JB-225x300.jpg\" alt=\"\" class=\"wp-image-1546\" srcset=\"https:\/\/unfallanalyse.hamburg\/wp-content\/uploads\/2024\/05\/JB-225x300.jpg 225w, https:\/\/unfallanalyse.hamburg\/wp-content\/uploads\/2024\/05\/JB-768x1024.jpg 768w, https:\/\/unfallanalyse.hamburg\/wp-content\/uploads\/2024\/05\/JB-1152x1536.jpg 1152w, https:\/\/unfallanalyse.hamburg\/wp-content\/uploads\/2024\/05\/JB-1536x2048.jpg 1536w, https:\/\/unfallanalyse.hamburg\/wp-content\/uploads\/2024\/05\/JB-scaled.jpg 1920w\" sizes=\"auto, (max-width: 225px) 100vw, 225px\" \/><\/figure><\/div>\n\n\n<p><b>Dr. rer. nat. Dipl.-Phys. J\u00f6rg Behr<br>Sachverst\u00e4ndiger f\u00fcr Stra\u00dfenverkehrsunf\u00e4lle<\/b><\/p>\n\n\n\n<p>J\u00f6rg Behr studierte Physik mit den Schwerpunkten Teilchenphysik und Astronomie an der Universit\u00e4t Hamburg. Nach seinem Diplom im Jahre 2007 arbeitete er als Wissenschaftler in der Grundlagenforschung auf dem Gebiet der experimentellen Elementarteilchenphysik. Seit M\u00e4rz 2014 ist Herr Behr als Sachverst\u00e4ndiger am IFU t\u00e4tig.<\/p>\n<\/div><\/div>\n\n\n\n<div class=\"wp-block-group\"><div class=\"wp-block-group__inner-container is-layout-constrained wp-block-group-is-layout-constrained\"><\/div><\/div>\n\n\n\n<div style=\"height:20px\" aria-hidden=\"true\" class=\"wp-block-spacer\"><\/div>\n\n\n<div class=\"wp-block-image\">\n<figure class=\"alignleft size-medium\"><img loading=\"lazy\" decoding=\"async\" width=\"225\" height=\"300\" src=\"https:\/\/unfallanalyse.hamburg\/wp-content\/uploads\/2024\/05\/FJ-225x300.jpg\" alt=\"\" class=\"wp-image-1543\" srcset=\"https:\/\/unfallanalyse.hamburg\/wp-content\/uploads\/2024\/05\/FJ-225x300.jpg 225w, https:\/\/unfallanalyse.hamburg\/wp-content\/uploads\/2024\/05\/FJ-768x1024.jpg 768w, https:\/\/unfallanalyse.hamburg\/wp-content\/uploads\/2024\/05\/FJ-1152x1536.jpg 1152w, https:\/\/unfallanalyse.hamburg\/wp-content\/uploads\/2024\/05\/FJ-1536x2048.jpg 1536w, https:\/\/unfallanalyse.hamburg\/wp-content\/uploads\/2024\/05\/FJ-scaled.jpg 1920w\" sizes=\"auto, (max-width: 225px) 100vw, 225px\" \/><\/figure><\/div>\n\n\n<div class=\"wp-block-group\"><div class=\"wp-block-group__inner-container is-layout-constrained wp-block-group-is-layout-constrained\">\n<p><strong>Felix Jung<b>,<\/b><\/strong><b> M. Sc.<br>Sachverst\u00e4ndiger f\u00fcr Stra\u00dfenverkehrsunf\u00e4lle<\/b><\/p>\n\n\n\n<p>Felix Jung studierte Maschinenbau an der Technischen Hochschule L\u00fcbeck und erwarb dort im Jahr 2020 den Abschluss Bachelor of Science. Seine Bachelor-Thesis erarbeitete er in Zusammenarbeit mit dem Ingenieurb\u00fcro Schal &amp; Meyer in L\u00fcbeck\/Schwerin und ver\u00f6ffentlichte dabei die Ausarbeitung &#8222;Elektro-Tretroller (E-Scooter) \u2013 rechtliche Grundlagen, Beschleunigungs-, Brems- und Fahrdynamikversuche&#8220;.<br>Im Anschluss erfolgte ein Masterstudium an der Technischen Universit\u00e4t Braunschweig im Fachbereich Kraftfahrzeugtechnik, welches er im Jahr 2022 mit dem Abschluss Master of Science erfolgreich abschloss.<br>W\u00e4hrend seines Masterstudiums arbeitete Herr Jung als Werkstudent im IFU Hamburg und ist seit 2022 als Sachverst\u00e4ndiger f\u00fcr Stra\u00dfenverkehrsunf\u00e4lle im IFU t\u00e4tig.<\/p>\n\n\n\n<div style=\"height:20px\" aria-hidden=\"true\" class=\"wp-block-spacer\"><\/div>\n<\/div><\/div>\n","protected":false},"excerpt":{"rendered":"<p>Frank RoschewskiKarosserie- und Fahrzeugbaumeistervon der Handelskammer Hamburg \u00f6ffentlich bestellter u. vereidigter Sachverst\u00e4ndiger f\u00fcr Kfz-Sch\u00e4den und -bewertung !!! AB 01.07.2026 GEHT HERR ROSCHEWSKI IN ALTERSTEILZEIT !!! Frank Roschewski verf\u00fcgt \u00fcber rd. 25 Jahre praktische Berufserfahrung in den Bereichen Kfz-Reparatur, Fahrzeugbau und Unfallinstandsetzung. Im Jahr 1999 legte er die Meisterpr\u00fcfung im Karosserie- und Fahrzeugbauhandwerk ab. Nach einer &hellip; <\/p>\n<p><a class=\"more-link block-button\" href=\"https:\/\/unfallanalyse.hamburg\/?page_id=58\">Weiter lesen &raquo;<\/a><\/p>\n","protected":false},"author":2,"featured_media":0,"parent":26,"menu_order":1,"comment_status":"closed","ping_status":"closed","template":"","meta":{"footnotes":""},"class_list":["post-58","page","type-page","status-publish","hentry","nodate"],"_links":{"self":[{"href":"https:\/\/unfallanalyse.hamburg\/index.php?rest_route=\/wp\/v2\/pages\/58","targetHints":{"allow":["GET"]}}],"collection":[{"href":"https:\/\/unfallanalyse.hamburg\/index.php?rest_route=\/wp\/v2\/pages"}],"about":[{"href":"https:\/\/unfallanalyse.hamburg\/index.php?rest_route=\/wp\/v2\/types\/page"}],"author":[{"embeddable":true,"href":"https:\/\/unfallanalyse.hamburg\/index.php?rest_route=\/wp\/v2\/users\/2"}],"replies":[{"embeddable":true,"href":"https:\/\/unfallanalyse.hamburg\/index.php?rest_route=%2Fwp%2Fv2%2Fcomments&post=58"}],"version-history":[{"count":69,"href":"https:\/\/unfallanalyse.hamburg\/index.php?rest_route=\/wp\/v2\/pages\/58\/revisions"}],"predecessor-version":[{"id":1621,"href":"https:\/\/unfallanalyse.hamburg\/index.php?rest_route=\/wp\/v2\/pages\/58\/revisions\/1621"}],"up":[{"embeddable":true,"href":"https:\/\/unfallanalyse.hamburg\/index.php?rest_route=\/wp\/v2\/pages\/26"}],"wp:attachment":[{"href":"https:\/\/unfallanalyse.hamburg\/index.php?rest_route=%2Fwp%2Fv2%2Fmedia&parent=58"}],"curies":[{"name":"wp","href":"https:\/\/api.w.org\/{rel}","templated":true}]}}