{"id":61,"date":"2016-06-15T14:36:39","date_gmt":"2016-06-15T12:36:39","guid":{"rendered":"http:\/\/uf.fsar.de\/?page_id=61"},"modified":"2025-01-06T09:00:22","modified_gmt":"2025-01-06T08:00:22","slug":"techniker","status":"publish","type":"page","link":"https:\/\/unfallanalyse.hamburg\/?page_id=61","title":{"rendered":"Techniker"},"content":{"rendered":"\n<div class=\"wp-block-group\"><div class=\"wp-block-group__inner-container is-layout-constrained wp-block-group-is-layout-constrained\"><div class=\"wp-block-image\">\n<figure class=\"alignleft size-medium\"><img loading=\"lazy\" decoding=\"async\" width=\"225\" height=\"300\" src=\"https:\/\/unfallanalyse.hamburg\/wp-content\/uploads\/2024\/05\/OS-225x300.jpg\" alt=\"\" class=\"wp-image-1553\" srcset=\"https:\/\/unfallanalyse.hamburg\/wp-content\/uploads\/2024\/05\/OS-225x300.jpg 225w, https:\/\/unfallanalyse.hamburg\/wp-content\/uploads\/2024\/05\/OS-768x1024.jpg 768w, https:\/\/unfallanalyse.hamburg\/wp-content\/uploads\/2024\/05\/OS-1152x1536.jpg 1152w, https:\/\/unfallanalyse.hamburg\/wp-content\/uploads\/2024\/05\/OS-1536x2048.jpg 1536w, https:\/\/unfallanalyse.hamburg\/wp-content\/uploads\/2024\/05\/OS-scaled.jpg 1920w\" sizes=\"auto, (max-width: 225px) 100vw, 225px\" \/><\/figure><\/div>\n\n\n<p><strong>Jan-Ole Schormann<\/strong><br><strong>Staatl. gepr. Techniker f\u00fcr Karosserie- und Fahrzeugbautechnik<\/strong><\/p>\n\n\n\n<p>Jan-Ole Schormann hat eine Ausbildung zum Karosserie- und Fahrzeugbaumechaniker in Schleswig-Holstein\/Hamburg absolviert. Nach anschlie\u00dfender Berufspraxis folgte eine Weiterbildung zum Karosserie- und Fahrzeugbautechniker in Hamburg.<br>Seit September 2012&nbsp; ist er im IFU t\u00e4tig und \u00fcbernimmt u.a. Arbeiten im Bereich der <a href=\"https:\/\/unfallanalyse.hamburg\/?p=770\">Kompatibilit\u00e4tspr\u00fcfung<\/a>, CAD, Vermessung und Fotogrammmetrie.<\/p>\n\n\n\n<div style=\"height:20px\" aria-hidden=\"true\" class=\"wp-block-spacer\"><\/div>\n<\/div><\/div>\n\n\n\n<div class=\"wp-block-group\"><div class=\"wp-block-group__inner-container is-layout-constrained wp-block-group-is-layout-constrained\"><div class=\"wp-block-image\">\n<figure class=\"alignleft size-medium\"><img loading=\"lazy\" decoding=\"async\" width=\"225\" height=\"300\" src=\"https:\/\/unfallanalyse.hamburg\/wp-content\/uploads\/2024\/05\/KB-225x300.jpg\" alt=\"\" class=\"wp-image-1549\" srcset=\"https:\/\/unfallanalyse.hamburg\/wp-content\/uploads\/2024\/05\/KB-225x300.jpg 225w, https:\/\/unfallanalyse.hamburg\/wp-content\/uploads\/2024\/05\/KB-768x1024.jpg 768w, https:\/\/unfallanalyse.hamburg\/wp-content\/uploads\/2024\/05\/KB-1152x1536.jpg 1152w, https:\/\/unfallanalyse.hamburg\/wp-content\/uploads\/2024\/05\/KB-1536x2048.jpg 1536w, https:\/\/unfallanalyse.hamburg\/wp-content\/uploads\/2024\/05\/KB-scaled.jpg 1920w\" sizes=\"auto, (max-width: 225px) 100vw, 225px\" \/><\/figure><\/div>\n\n\n<p><strong>Kevin Bieber<\/strong><br><strong>Kraftfahrzeugtechniker-Meister<\/strong><\/p>\n\n\n\n<p>Kevin Bieber hat eine Ausbildung zum KFZ-Mechatroniker bei BMW in Hamburg absolviert. Anschlie\u00dfend folgte eine Weiterbildung zum KFZ-Meister. Seit Januar 2023 ist er im IFU t\u00e4tig und \u00fcbernimmt u.a. Arbeiten im Bereich der Kompatibilit\u00e4tspr\u00fcfung, CAD, Vermessung und Fotogrammmetrie sowie technische Untersuchungen an Fahrzeugen und Aggregaten. Weitere Aufgabenbereiche umfassen die Pr\u00fcfung von KFZ-Schadengutachten, insbesondere zur Schadenh\u00f6he, und die \u00dcberpr\u00fcfung des Reparaturwegs unter unfallanalytischen Aspekten.<\/p>\n\n\n\n<div style=\"height:20px\" aria-hidden=\"true\" class=\"wp-block-spacer\"><\/div>\n<\/div><\/div>\n\n\n\n<div class=\"wp-block-group\"><div class=\"wp-block-group__inner-container is-layout-constrained wp-block-group-is-layout-constrained\"><div class=\"wp-block-image\">\n<figure class=\"alignleft size-medium\"><img loading=\"lazy\" decoding=\"async\" width=\"225\" height=\"300\" src=\"https:\/\/unfallanalyse.hamburg\/wp-content\/uploads\/2024\/05\/GS-225x300.jpg\" alt=\"\" class=\"wp-image-1545\" srcset=\"https:\/\/unfallanalyse.hamburg\/wp-content\/uploads\/2024\/05\/GS-225x300.jpg 225w, https:\/\/unfallanalyse.hamburg\/wp-content\/uploads\/2024\/05\/GS-768x1024.jpg 768w, https:\/\/unfallanalyse.hamburg\/wp-content\/uploads\/2024\/05\/GS-1152x1536.jpg 1152w, https:\/\/unfallanalyse.hamburg\/wp-content\/uploads\/2024\/05\/GS-1536x2048.jpg 1536w, https:\/\/unfallanalyse.hamburg\/wp-content\/uploads\/2024\/05\/GS-scaled.jpg 1920w\" sizes=\"auto, (max-width: 225px) 100vw, 225px\" \/><\/figure><\/div>\n\n\n<p><b>G\u00fcnter Simmet<br>Geb\u00e4udetechnik, Archivar<\/b><\/p>\n\n\n\n<p>G\u00fcnter Simmet ist seit 2006 im IFU t\u00e4tig. Er k\u00fcmmert sich um s\u00e4mtliche Wartungsarbeiten im B\u00fcrogeb\u00e4ude und betreut die Haustechnik sowie unsere Gartenanlage. Weiterhin erledigt er alle anfallenden Boteng\u00e4nge und ist f\u00fcr die Archivierung unserer Gutachten zust\u00e4ndig.<\/p>\n<\/div><\/div>\n\n\n\n<div style=\"height:20px\" aria-hidden=\"true\" class=\"wp-block-spacer\"><\/div>\n","protected":false},"excerpt":{"rendered":"<p>Jan-Ole SchormannStaatl. gepr. Techniker f\u00fcr Karosserie- und Fahrzeugbautechnik Jan-Ole Schormann hat eine Ausbildung zum Karosserie- und Fahrzeugbaumechaniker in Schleswig-Holstein\/Hamburg absolviert. Nach anschlie\u00dfender Berufspraxis folgte eine Weiterbildung zum Karosserie- und Fahrzeugbautechniker in Hamburg.Seit September 2012&nbsp; ist er im IFU t\u00e4tig und \u00fcbernimmt u.a. Arbeiten im Bereich der Kompatibilit\u00e4tspr\u00fcfung, CAD, Vermessung und Fotogrammmetrie. Kevin BieberKraftfahrzeugtechniker-Meister Kevin Bieber &hellip; <\/p>\n<p><a class=\"more-link block-button\" href=\"https:\/\/unfallanalyse.hamburg\/?page_id=61\">Weiter lesen &raquo;<\/a><\/p>\n","protected":false},"author":2,"featured_media":0,"parent":26,"menu_order":2,"comment_status":"closed","ping_status":"closed","template":"","meta":{"footnotes":""},"class_list":["post-61","page","type-page","status-publish","hentry","nodate"],"_links":{"self":[{"href":"https:\/\/unfallanalyse.hamburg\/index.php?rest_route=\/wp\/v2\/pages\/61","targetHints":{"allow":["GET"]}}],"collection":[{"href":"https:\/\/unfallanalyse.hamburg\/index.php?rest_route=\/wp\/v2\/pages"}],"about":[{"href":"https:\/\/unfallanalyse.hamburg\/index.php?rest_route=\/wp\/v2\/types\/page"}],"author":[{"embeddable":true,"href":"https:\/\/unfallanalyse.hamburg\/index.php?rest_route=\/wp\/v2\/users\/2"}],"replies":[{"embeddable":true,"href":"https:\/\/unfallanalyse.hamburg\/index.php?rest_route=%2Fwp%2Fv2%2Fcomments&post=61"}],"version-history":[{"count":52,"href":"https:\/\/unfallanalyse.hamburg\/index.php?rest_route=\/wp\/v2\/pages\/61\/revisions"}],"predecessor-version":[{"id":1598,"href":"https:\/\/unfallanalyse.hamburg\/index.php?rest_route=\/wp\/v2\/pages\/61\/revisions\/1598"}],"up":[{"embeddable":true,"href":"https:\/\/unfallanalyse.hamburg\/index.php?rest_route=\/wp\/v2\/pages\/26"}],"wp:attachment":[{"href":"https:\/\/unfallanalyse.hamburg\/index.php?rest_route=%2Fwp%2Fv2%2Fmedia&parent=61"}],"curies":[{"name":"wp","href":"https:\/\/api.w.org\/{rel}","templated":true}]}}