{"id":66,"date":"2016-06-15T14:54:23","date_gmt":"2016-06-15T12:54:23","guid":{"rendered":"http:\/\/uf.fsar.de\/?page_id=66"},"modified":"2016-07-07T11:12:35","modified_gmt":"2016-07-07T09:12:35","slug":"anfahrt-parken","status":"publish","type":"page","link":"https:\/\/unfallanalyse.hamburg\/?page_id=66","title":{"rendered":"Anfahrt &#8211; Parken"},"content":{"rendered":"<h2>Wegbeschreibung und Parkpl\u00e4tze auf unserem Untersuchungsgel\u00e4nde<\/h2>\n<p style=\"text-align: justify;\"><b>Parken am IFU<\/b><br \/>\nWir verf\u00fcgen \u00fcber eigene Parkpl\u00e4tze, die hinter unserem Geb\u00e4ude liegen. Die Zufahrt erfolgt \u00fcber die Stra\u00dfe &#8222;Finkenau&#8220;, die ca 100 m hinter dem Haupteingang (Oberaltenallee 16) nach rechts abzweigt. Bitte biegen Sie also dort rechts in die Finkenau ab und biegen nach weiteren 100 m nochmals nach rechts in die Grundst\u00fcckszufahrt direkt hinter der Hochbahnbr\u00fccke. Unser Parkplatz liegt direkt gegen\u00fcber dem Wohngeb\u00e4ude Finkenau 8b, bitte diese Adresse f\u00fcr Navigationssysteme verwenden.<br \/>\nGPS Koordinaten:<br \/>\n53.570392, 10.029517 bzw.<br \/>\n53\u00b034&#8217;13.4&#8243;N 10\u00b001&#8217;46.3&#8243;E<\/p>\n<p><img loading=\"lazy\" decoding=\"async\" class=\"wp-image-67 size-full aligncenter\" src=\"https:\/\/unfallanalyse.hamburg\/wp-content\/uploads\/2016\/06\/Anfahrt_Parken.jpg\" alt=\"Anfahrt_Parken\" width=\"700\" height=\"377\" srcset=\"https:\/\/unfallanalyse.hamburg\/wp-content\/uploads\/2016\/06\/Anfahrt_Parken.jpg 700w, https:\/\/unfallanalyse.hamburg\/wp-content\/uploads\/2016\/06\/Anfahrt_Parken-300x162.jpg 300w\" sizes=\"auto, (max-width: 700px) 100vw, 700px\" \/><\/p>\n<p>Hier k\u00f6nnen Sie eine Wegbeschreibung als PDF laden: <a href=\"https:\/\/unfallanalyse.hamburg\/wp-content\/uploads\/2016\/06\/skizze_anfahrt.pdf\"> Anfahrtsskizze (hier klicken zum Download)<\/a><\/p>\n","protected":false},"excerpt":{"rendered":"<p>Wegbeschreibung und Parkpl\u00e4tze auf unserem Untersuchungsgel\u00e4nde Parken am IFU Wir verf\u00fcgen \u00fcber eigene Parkpl\u00e4tze, die hinter unserem Geb\u00e4ude liegen. Die Zufahrt erfolgt \u00fcber die Stra\u00dfe &#8222;Finkenau&#8220;, die ca 100 m hinter dem Haupteingang (Oberaltenallee 16) nach rechts abzweigt. Bitte biegen Sie also dort rechts in die Finkenau ab und biegen nach weiteren 100 m nochmals &hellip; <\/p>\n<p><a class=\"more-link block-button\" href=\"https:\/\/unfallanalyse.hamburg\/?page_id=66\">Weiter lesen &raquo;<\/a><\/p>\n","protected":false},"author":2,"featured_media":0,"parent":36,"menu_order":0,"comment_status":"closed","ping_status":"closed","template":"","meta":{"footnotes":""},"class_list":["post-66","page","type-page","status-publish","hentry","nodate"],"_links":{"self":[{"href":"https:\/\/unfallanalyse.hamburg\/index.php?rest_route=\/wp\/v2\/pages\/66","targetHints":{"allow":["GET"]}}],"collection":[{"href":"https:\/\/unfallanalyse.hamburg\/index.php?rest_route=\/wp\/v2\/pages"}],"about":[{"href":"https:\/\/unfallanalyse.hamburg\/index.php?rest_route=\/wp\/v2\/types\/page"}],"author":[{"embeddable":true,"href":"https:\/\/unfallanalyse.hamburg\/index.php?rest_route=\/wp\/v2\/users\/2"}],"replies":[{"embeddable":true,"href":"https:\/\/unfallanalyse.hamburg\/index.php?rest_route=%2Fwp%2Fv2%2Fcomments&post=66"}],"version-history":[{"count":6,"href":"https:\/\/unfallanalyse.hamburg\/index.php?rest_route=\/wp\/v2\/pages\/66\/revisions"}],"predecessor-version":[{"id":929,"href":"https:\/\/unfallanalyse.hamburg\/index.php?rest_route=\/wp\/v2\/pages\/66\/revisions\/929"}],"up":[{"embeddable":true,"href":"https:\/\/unfallanalyse.hamburg\/index.php?rest_route=\/wp\/v2\/pages\/36"}],"wp:attachment":[{"href":"https:\/\/unfallanalyse.hamburg\/index.php?rest_route=%2Fwp%2Fv2%2Fmedia&parent=66"}],"curies":[{"name":"wp","href":"https:\/\/api.w.org\/{rel}","templated":true}]}}