{"id":674,"date":"2016-06-18T15:00:46","date_gmt":"2016-06-18T13:00:46","guid":{"rendered":"http:\/\/uf.fsar.de\/?page_id=674"},"modified":"2016-06-20T08:09:43","modified_gmt":"2016-06-20T06:09:43","slug":"jveg","status":"publish","type":"page","link":"https:\/\/unfallanalyse.hamburg\/?page_id=674","title":{"rendered":"JVEG"},"content":{"rendered":"<h2 style=\"text-align: justify;\">Jveg &#8211; Justizverg\u00fctungs- und -entsch\u00e4digungsgesetz<\/h2>\n<p style=\"text-align: justify;\">Zum 01.07.2004 ist das neue Justizverg\u00fctungs- und -entsch\u00e4digungsgesetz in Kraft getreten. Das Gesetz regelt die Verg\u00fctung von Sachverst\u00e4ndigen, die im Auftrag des Gerichts oder der Staatsanwaltschaft t\u00e4tig werden. Das JVEG beruht auf einer Novellierung des ZSEG (Zeugen- und Sachverst\u00e4ndigenentsch\u00e4digungsgesetz). Der Gesetzgeber hat darin von dem Entsch\u00e4digungsprinzip des ZSEG hin zum Verg\u00fctungsprinzip gewechselt ( <a href=\"http:\/\/www.gesetze-im-internet.de\/jveg\/BJNR077600004.html\" target=\"_blank\">bundesrecht.juris.de\/jveg\/BJNR077600004.html<\/a>)<br \/>\nNach der Novellierungsbegr\u00fcndung ist eine leistungsbezogene Verg\u00fctung vorgesehen, die sich an der Honorierung orientieren sollte, die f\u00fcr vergleichbare Leistungen im au\u00dfergerichtlichen Bereich erzielt werden. Das hochspezialisierte Sachgebiet \u201eUnfallanalyse\u201c ist bei den Honorargruppen nicht gelistet. \u00dcblicherweise wird es der Gruppe \u201eKfz-Unfallursachen\u201c in Gruppe 6 zugeordnet. In dieser Gruppe werden jedoch Berufe zusammengefasst, die \u00fcberwiegend aus dem handwerklichen Bereich stammen. So wird z.B. das Sachgebiet \u201eKfz-Sch\u00e4den und Bewertung\u201c meist von Kfz-Meistern, Technikern oder sogar Personen ohne spezialisierte Ausbildung ausge\u00fcbt. Die Einstufung der Unfallanalytik, wie sie von uns betrieben wird, in diese Honorargruppe ist nicht sachgerecht, es werden sehr viel h\u00f6her zu bewertende F\u00e4higkeiten und Sachkunde ben\u00f6tigt, als in dieser Gruppe allgemein erforderlich sind.<\/p>\n","protected":false},"excerpt":{"rendered":"<p>Jveg &#8211; Justizverg\u00fctungs- und -entsch\u00e4digungsgesetz Zum 01.07.2004 ist das neue Justizverg\u00fctungs- und -entsch\u00e4digungsgesetz in Kraft getreten. Das Gesetz regelt die Verg\u00fctung von Sachverst\u00e4ndigen, die im Auftrag des Gerichts oder der Staatsanwaltschaft t\u00e4tig werden. Das JVEG beruht auf einer Novellierung des ZSEG (Zeugen- und Sachverst\u00e4ndigenentsch\u00e4digungsgesetz). Der Gesetzgeber hat darin von dem Entsch\u00e4digungsprinzip des ZSEG hin zum &hellip; <\/p>\n<p><a class=\"more-link block-button\" href=\"https:\/\/unfallanalyse.hamburg\/?page_id=674\">Weiter lesen &raquo;<\/a><\/p>\n","protected":false},"author":2,"featured_media":0,"parent":8,"menu_order":1,"comment_status":"closed","ping_status":"closed","template":"","meta":{"footnotes":""},"class_list":["post-674","page","type-page","status-publish","hentry","nodate"],"_links":{"self":[{"href":"https:\/\/unfallanalyse.hamburg\/index.php?rest_route=\/wp\/v2\/pages\/674","targetHints":{"allow":["GET"]}}],"collection":[{"href":"https:\/\/unfallanalyse.hamburg\/index.php?rest_route=\/wp\/v2\/pages"}],"about":[{"href":"https:\/\/unfallanalyse.hamburg\/index.php?rest_route=\/wp\/v2\/types\/page"}],"author":[{"embeddable":true,"href":"https:\/\/unfallanalyse.hamburg\/index.php?rest_route=\/wp\/v2\/users\/2"}],"replies":[{"embeddable":true,"href":"https:\/\/unfallanalyse.hamburg\/index.php?rest_route=%2Fwp%2Fv2%2Fcomments&post=674"}],"version-history":[{"count":1,"href":"https:\/\/unfallanalyse.hamburg\/index.php?rest_route=\/wp\/v2\/pages\/674\/revisions"}],"predecessor-version":[{"id":675,"href":"https:\/\/unfallanalyse.hamburg\/index.php?rest_route=\/wp\/v2\/pages\/674\/revisions\/675"}],"up":[{"embeddable":true,"href":"https:\/\/unfallanalyse.hamburg\/index.php?rest_route=\/wp\/v2\/pages\/8"}],"wp:attachment":[{"href":"https:\/\/unfallanalyse.hamburg\/index.php?rest_route=%2Fwp%2Fv2%2Fmedia&parent=674"}],"curies":[{"name":"wp","href":"https:\/\/api.w.org\/{rel}","templated":true}]}}